{"id":487,"date":"2019-02-12T21:30:49","date_gmt":"2019-02-12T20:30:49","guid":{"rendered":"http:\/\/inventons.be\/WordPress3\/?page_id=487"},"modified":"2021-04-22T15:17:33","modified_gmt":"2021-04-22T13:17:33","slug":"conference","status":"publish","type":"page","link":"http:\/\/inventons.be\/WordPress3\/conference\/","title":{"rendered":"Conf\u00e9rence"},"content":{"rendered":"\n<div style=\"height:32px\" aria-hidden=\"true\" class=\"wp-block-spacer\"><\/div>\n\n\n\n<p><strong>Le28\u00a0mars\u00a02019,\u00a0l&rsquo;ASBL\u00a0organisait\u00a0sa\u00a0premi\u00e8re\u00a0conf\u00e9rence\u00a0\u00e0\u00a0destination\u00a0des\u00a0adultes.\u00a0Intitul\u00e9e:<\/strong> <em>\u00ab\u00a0<\/em><strong><em>INVENTONS leur avenir ! Comment accompagner son enfant sur le chemin de l\u2019AUTONOMIE ?<\/em><\/strong><em> <\/em>\u00ab\u00a0,\u00a0 <br><strong>Nadia Kuta et Nathalie Lardin r\u00e9pondaient de mani\u00e8re ludique et pratique aux diff\u00e9rentes questions que se posent les adultes:<\/strong> <\/p>\n\n\n\n<p><strong>Qu\u2019est-ce que l\u2019autonomie ?<br> Comment l\u2019enfant passe de la d\u00e9pendance \u00e0 l\u2019ind\u00e9pendance?<br> Comment se d\u00e9veloppe le soi ?<br> Comment se met en place l\u2019attachement, l\u2019estime de soi, la confiance en soi ?<br> Quels sont les besoins des b\u00e9b\u00e9s, des enfants, des adolescents, des seniors ?<br> Comment accompagner son enfant aux diff\u00e9rentes \u00e9tapes de sa vie?<br> Comment mettre en place une parentalit\u00e9 positive?<\/strong><\/p>\n\n\n\n<div style=\"height:21px\" aria-hidden=\"true\" class=\"wp-block-spacer\"><\/div>\n\n\n\n<div class=\"wp-block-image\"><figure class=\"aligncenter is-resized\"><img decoding=\"async\" loading=\"lazy\" src=\"http:\/\/inventons.be\/WordPress3\/wp-content\/uploads\/2019\/05\/DSC_0589-1024x683.jpg\" alt=\"\" class=\"wp-image-519\" width=\"409\" height=\"272\" srcset=\"http:\/\/inventons.be\/WordPress3\/wp-content\/uploads\/2019\/05\/DSC_0589-1024x683.jpg 1024w, http:\/\/inventons.be\/WordPress3\/wp-content\/uploads\/2019\/05\/DSC_0589-300x200.jpg 300w, http:\/\/inventons.be\/WordPress3\/wp-content\/uploads\/2019\/05\/DSC_0589-768x512.jpg 768w\" sizes=\"(max-width: 409px) 100vw, 409px\" \/><\/figure><\/div>\n\n\n\n<div class=\"wp-block-image\"><figure class=\"aligncenter is-resized\"><img decoding=\"async\" loading=\"lazy\" src=\"http:\/\/inventons.be\/WordPress3\/wp-content\/uploads\/2019\/05\/DSC_0600-1024x683.jpg\" alt=\"\" class=\"wp-image-521\" width=\"412\" height=\"274\" srcset=\"http:\/\/inventons.be\/WordPress3\/wp-content\/uploads\/2019\/05\/DSC_0600-1024x683.jpg 1024w, http:\/\/inventons.be\/WordPress3\/wp-content\/uploads\/2019\/05\/DSC_0600-300x200.jpg 300w, http:\/\/inventons.be\/WordPress3\/wp-content\/uploads\/2019\/05\/DSC_0600-768x512.jpg 768w\" sizes=\"(max-width: 412px) 100vw, 412px\" \/><\/figure><\/div>\n\n\n\n<div style=\"height:20px\" aria-hidden=\"true\" class=\"wp-block-spacer\"><\/div>\n\n\n\n<p><strong>L&rsquo;ASBL Inventons vous informera des prochaines conf\u00e9rences qu&rsquo;elle organisera.<\/strong><\/p>\n\n\n\n<p><\/p>\n","protected":false},"excerpt":{"rendered":"<p>Le28\u00a0mars\u00a02019,\u00a0l&rsquo;ASBL\u00a0organisait\u00a0sa\u00a0premi\u00e8re\u00a0conf\u00e9rence\u00a0\u00e0\u00a0destination\u00a0des\u00a0adultes.\u00a0Intitul\u00e9e: \u00ab\u00a0INVENTONS leur avenir ! Comment accompagner son enfant sur le chemin de l\u2019AUTONOMIE ? \u00ab\u00a0,\u00a0 Nadia Kuta et Nathalie&#8230; <a href=\"http:\/\/inventons.be\/WordPress3\/conference\/\">read more<\/a><\/p>\n","protected":false},"author":1,"featured_media":0,"parent":0,"menu_order":0,"comment_status":"closed","ping_status":"closed","template":"","meta":[],"_links":{"self":[{"href":"http:\/\/inventons.be\/WordPress3\/wp-json\/wp\/v2\/pages\/487"}],"collection":[{"href":"http:\/\/inventons.be\/WordPress3\/wp-json\/wp\/v2\/pages"}],"about":[{"href":"http:\/\/inventons.be\/WordPress3\/wp-json\/wp\/v2\/types\/page"}],"author":[{"embeddable":true,"href":"http:\/\/inventons.be\/WordPress3\/wp-json\/wp\/v2\/users\/1"}],"replies":[{"embeddable":true,"href":"http:\/\/inventons.be\/WordPress3\/wp-json\/wp\/v2\/comments?post=487"}],"version-history":[{"count":14,"href":"http:\/\/inventons.be\/WordPress3\/wp-json\/wp\/v2\/pages\/487\/revisions"}],"predecessor-version":[{"id":577,"href":"http:\/\/inventons.be\/WordPress3\/wp-json\/wp\/v2\/pages\/487\/revisions\/577"}],"wp:attachment":[{"href":"http:\/\/inventons.be\/WordPress3\/wp-json\/wp\/v2\/media?parent=487"}],"curies":[{"name":"wp","href":"https:\/\/api.w.org\/{rel}","templated":true}]}}